{"version":"1.0","provider_name":"Office De Tourisme Au C\u0153ur Des Collines Cathares","provider_url":"https:\/\/collinescathares.com\/es\/","author_name":"Lucas","author_url":"https:\/\/collinescathares.com\/es\/author\/lucas\/","title":"Festival Prom'Aude 2025 Actualit\u00e9s - Office De Tourisme Au C\u0153ur Des Collines Cathares","type":"rich","width":600,"height":338,"html":"<blockquote class=\"wp-embedded-content\" data-secret=\"T29aZSwZU1\"><a href=\"https:\/\/collinescathares.com\/es\/non-classifiee\/festival-promaude-2025\/\">Festival Prom&#8217;Aude 2025<\/a><\/blockquote><iframe sandbox=\"allow-scripts\" security=\"restricted\" src=\"https:\/\/collinescathares.com\/es\/non-classifiee\/festival-promaude-2025\/embed\/#?secret=T29aZSwZU1\" width=\"600\" height=\"338\" title=\"\u00abFestival Prom&#8217;Aude 2025\u00bb \u2014 Office De Tourisme Au C\u0153ur Des Collines Cathares\" data-secret=\"T29aZSwZU1\" frameborder=\"0\" marginwidth=\"0\" marginheight=\"0\" scrolling=\"no\" class=\"wp-embedded-content\"><\/iframe><script type=\"text\/javascript\">\n\/* <![CDATA[ *\/\n\/*! This file is auto-generated *\/\n!function(d,l){\"use strict\";l.querySelector&&d.addEventListener&&\"undefined\"!=typeof URL&&(d.wp=d.wp||{},d.wp.receiveEmbedMessage||(d.wp.receiveEmbedMessage=function(e){var t=e.data;if((t||t.secret||t.message||t.value)&&!\/[^a-zA-Z0-9]\/.test(t.secret)){for(var s,r,n,a=l.querySelectorAll('iframe[data-secret=\"'+t.secret+'\"]'),o=l.querySelectorAll('blockquote[data-secret=\"'+t.secret+'\"]'),c=new RegExp(\"^https?:$\",\"i\"),i=0;i<o.length;i++)o[i].style.display=\"none\";for(i=0;i<a.length;i++)s=a[i],e.source===s.contentWindow&&(s.removeAttribute(\"style\"),\"height\"===t.message?(1e3<(r=parseInt(t.value,10))?r=1e3:~~r<200&&(r=200),s.height=r):\"link\"===t.message&&(r=new URL(s.getAttribute(\"src\")),n=new URL(t.value),c.test(n.protocol))&&n.host===r.host&&l.activeElement===s&&(d.top.location.href=t.value))}},d.addEventListener(\"message\",d.wp.receiveEmbedMessage,!1),l.addEventListener(\"DOMContentLoaded\",function(){for(var e,t,s=l.querySelectorAll(\"iframe.wp-embedded-content\"),r=0;r<s.length;r++)(t=(e=s[r]).getAttribute(\"data-secret\"))||(t=Math.random().toString(36).substring(2,12),e.src+=\"#?secret=\"+t,e.setAttribute(\"data-secret\",t)),e.contentWindow.postMessage({message:\"ready\",secret:t},\"*\")},!1)))}(window,document);\n\/* ]]> *\/\n<\/script>\n","thumbnail_url":"https:\/\/collinescathares.com\/wp-content\/uploads\/2025\/06\/promaude.jpg","thumbnail_width":1080,"thumbnail_height":1202,"description":"Depuis plus de 30 ans, le festival Prom'Aude incarne l\u2019esprit de f\u00eate et de valorisation du patrimoine local en Occitanie. Cette nouvelle \u00e9dition promet Actualit\u00e9s Festival Prom'Aude 2025 Situ\u00e9 \u00e0 Fanjeaux, nous vous proposons de d\u00e9couvrir notre territoire ! , Office De Tourisme Au C\u0153ur Des Collines Cathares"}

Office De Tourisme Au Cœur Des Collines Cathares

Festival Prom'Aude 2025 Actualités - Office De Tourisme Au Cœur Des Collines Cathares

<blockquote class="wp-embedded-content" data-secret="T29aZSwZU1"><a href="https://collinescathares.com/es/non-classifiee/festival-promaude-2025/">Festival Prom&#8217;Aude 2025</a></blockquote><iframe sandbox="allow-scripts" security="restricted" src="https://collinescathares.com/es/non-classifiee/festival-promaude-2025/embed/#?secret=T29aZSwZU1" width="600" height="338" title="«Festival Prom&#8217;Aude 2025» — Office De Tourisme Au Cœur Des Collines Cathares" data-secret="T29aZSwZU1" frameborder="0" marginwidth="0" marginheight="0" scrolling="no" class="wp-embedded-content"></iframe><script type="text/javascript">
/* <![CDATA[ */
/*! This file is auto-generated */
!function(d,l){"use strict";l.querySelector&&d.addEventListener&&"undefined"!=typeof URL&&(d.wp=d.wp||{},d.wp.receiveEmbedMessage||(d.wp.receiveEmbedMessage=function(e){var t=e.data;if((t||t.secret||t.message||t.value)&&!/[^a-zA-Z0-9]/.test(t.secret)){for(var s,r,n,a=l.querySelectorAll('iframe[data-secret="'+t.secret+'"]'),o=l.querySelectorAll('blockquote[data-secret="'+t.secret+'"]'),c=new RegExp("^https?:$","i"),i=0;i<o.length;i++)o[i].style.display="none";for(i=0;i<a.length;i++)s=a[i],e.source===s.contentWindow&&(s.removeAttribute("style"),"height"===t.message?(1e3<(r=parseInt(t.value,10))?r=1e3:~~r<200&&(r=200),s.height=r):"link"===t.message&&(r=new URL(s.getAttribute("src")),n=new URL(t.value),c.test(n.protocol))&&n.host===r.host&&l.activeElement===s&&(d.top.location.href=t.value))}},d.addEventListener("message",d.wp.receiveEmbedMessage,!1),l.addEventListener("DOMContentLoaded",function(){for(var e,t,s=l.querySelectorAll("iframe.wp-embedded-content"),r=0;r<s.length;r++)(t=(e=s[r]).getAttribute("data-secret"))||(t=Math.random().toString(36).substring(2,12),e.src+="#?secret="+t,e.setAttribute("data-secret",t)),e.contentWindow.postMessage({message:"ready",secret:t},"*")},!1)))}(window,document);
/* ]]> */
</script>

Depuis plus de 30 ans, le festival Prom'Aude incarne l’esprit de fête et de valorisation du patrimoine local en Occitanie. Cette nouvelle édition promet Actualités Festival Prom'Aude 2025 Situé à Fanjeaux, nous vous proposons de découvrir notre territoire ! , Office De Tourisme Au Cœur Des Collines Cathares
